{"id":205,"date":"2020-05-28T13:19:18","date_gmt":"2020-05-28T13:19:18","guid":{"rendered":"http:\/\/medsoft.com.br\/wordpress\/?page_id=205"},"modified":"2025-12-02T19:14:01","modified_gmt":"2025-12-02T19:14:01","slug":"compra-2","status":"publish","type":"page","link":"https:\/\/medsoft.com.br\/?page_id=205","title":{"rendered":"Servi\u00e7os"},"content":{"rendered":"\n<p><strong>Para Pacientes<\/strong> <strong>( Gratu\u00edtos ) <\/strong><\/p>\n\n\n\n<ul class=\"wp-block-list\">\n<li>Busca de Profissionais de Sa\u00fade<\/li>\n<\/ul>\n\n\n\n<ul class=\"wp-block-list\">\n<li>Busca de Informa\u00e7\u00f5es de Sa\u00fade<\/li>\n<\/ul>\n\n\n\n<p><strong>Para Profissionais de Sa\u00fade<\/strong><\/p>\n\n\n\n<ul class=\"wp-block-list\">\n<li>Ativa\u00e7\u00e3o dos dados resumidos do profissional de sa\u00fade na busca ( gratu\u00edto )<\/li>\n\n\n\n<li>Ativa\u00e7\u00e3o dos dados completos do profissional de sa\u00fade na busca  ( Plano B\u00e1sico 1 )<\/li>\n\n\n\n<li>Plano Completo : Plano B\u00e1sico 1 + Plano B\u00e1sico 2 + Sistema *<\/li>\n<\/ul>\n\n\n\n<p><strong> Todos os servi\u00e7os s\u00e3o contratados como assinatura mensal   o  com o valor do Plano B\u00e1sico 1 \u00e9 de  R$ 65,00\/m\u00eas. <\/strong> <strong>Entre em contato para conhecer os demais servi\u00e7os e planos , pelo 21.986496127 (WhatsApp)<\/strong>, <strong>ou email: contato@medsoft.com.br<\/strong><\/p>\n\n\n\n<p><\/p>\n\n\n\n<p>*Sistema : Agendamento, Ficha do paciente, Anamnese, Emiss\u00e3o de receitas, Controle de conv\u00eanios e muito mais. Acesse aqui : <a href=\"https:\/\/medsoft.com.br\/?page_id=368\">https:\/\/medsoft.com.br\/?page_id=368<\/a><\/p>\n","protected":false},"excerpt":{"rendered":"<p>Para Pacientes ( Gratu\u00edtos ) Para Profissionais de Sa\u00fade Todos os servi\u00e7os s\u00e3o contratados como assinatura mensal o com o valor do Plano B\u00e1sico 1 \u00e9 de R$ 65,00\/m\u00eas. Entre em contato para conhecer os demais servi\u00e7os e planos , pelo 21.986496127 (WhatsApp), ou email: contato@medsoft.com.br *Sistema : Agendamento, Ficha do paciente, Anamnese, Emiss\u00e3o de [&hellip;]<\/p>\n","protected":false},"author":1,"featured_media":0,"parent":0,"menu_order":0,"comment_status":"closed","ping_status":"closed","template":"","meta":{"footnotes":""},"class_list":["post-205","page","type-page","status-publish","hentry"],"_links":{"self":[{"href":"https:\/\/medsoft.com.br\/index.php?rest_route=\/wp\/v2\/pages\/205","targetHints":{"allow":["GET"]}}],"collection":[{"href":"https:\/\/medsoft.com.br\/index.php?rest_route=\/wp\/v2\/pages"}],"about":[{"href":"https:\/\/medsoft.com.br\/index.php?rest_route=\/wp\/v2\/types\/page"}],"author":[{"embeddable":true,"href":"https:\/\/medsoft.com.br\/index.php?rest_route=\/wp\/v2\/users\/1"}],"replies":[{"embeddable":true,"href":"https:\/\/medsoft.com.br\/index.php?rest_route=%2Fwp%2Fv2%2Fcomments&post=205"}],"version-history":[{"count":22,"href":"https:\/\/medsoft.com.br\/index.php?rest_route=\/wp\/v2\/pages\/205\/revisions"}],"predecessor-version":[{"id":863,"href":"https:\/\/medsoft.com.br\/index.php?rest_route=\/wp\/v2\/pages\/205\/revisions\/863"}],"wp:attachment":[{"href":"https:\/\/medsoft.com.br\/index.php?rest_route=%2Fwp%2Fv2%2Fmedia&parent=205"}],"curies":[{"name":"wp","href":"https:\/\/api.w.org\/{rel}","templated":true}]}}