{"id":368,"date":"2025-10-21T17:58:50","date_gmt":"2025-10-21T17:58:50","guid":{"rendered":"https:\/\/medsoft.com.br\/?page_id=368"},"modified":"2025-10-21T17:58:51","modified_gmt":"2025-10-21T17:58:51","slug":"sistema","status":"publish","type":"page","link":"https:\/\/medsoft.com.br\/?page_id=368","title":{"rendered":"Sistema"},"content":{"rendered":"\n<div class=\"wp-block-themeisle-blocks-advanced-columns has-1-columns has-desktop-equal-layout has-tablet-equal-layout has-mobile-equal-layout has-default-gap has-vertical-unset\" id=\"wp-block-themeisle-blocks-advanced-columns-30df0e0e\" style=\"border-width:0px;border-style:solid;border-color:#000000;border-radius:0px;justify-content:unset\"><div class=\"wp-themeisle-block-overlay\" style=\"opacity:0.5;mix-blend-mode:normal\"><\/div><div class=\"innerblocks-wrap\">\n<div class=\"wp-block-themeisle-blocks-advanced-column\" id=\"wp-block-themeisle-blocks-advanced-column-e5d10ed5\" style=\"border-width:0px;border-style:solid;border-color:#000000;border-radius:0px\">\n<p><strong>Ficha do Paciente<\/strong><\/p>\n\n\n\n<p><strong>Cadastro de pacientes.Hist\u00f3rico cl\u00ednico dos pacientes.Configura\u00e7\u00e3o da anamenese de acordo com a\u00a0 especialidade do m\u00e9dico.Cadastro de exames de imagem.Emiss\u00e3o de receitas personalizada.Tabela AMB e CID.Emiss\u00e3o de laudos e receitas personalizadas por m\u00e9dico.Pesquisa de CEP.Acesso online ao DEF.<\/strong><\/p>\n\n\n\n<figure class=\"wp-block-image size-full\"><img loading=\"lazy\" decoding=\"async\" width=\"757\" height=\"659\" src=\"https:\/\/medsoft.com.br\/wp-content\/uploads\/2025\/10\/image.png\" alt=\"\" class=\"wp-image-369\" srcset=\"https:\/\/medsoft.com.br\/wp-content\/uploads\/2025\/10\/image.png 757w, https:\/\/medsoft.com.br\/wp-content\/uploads\/2025\/10\/image-300x261.png 300w\" sizes=\"auto, (max-width: 757px) 100vw, 757px\" \/><\/figure>\n<\/div>\n<\/div><\/div>\n\n\n\n<p><strong>Anamnese<\/strong><\/p>\n\n\n\n<figure class=\"wp-block-image size-full is-resized\"><img loading=\"lazy\" decoding=\"async\" width=\"1024\" height=\"811\" src=\"https:\/\/medsoft.com.br\/wp-content\/uploads\/2025\/10\/image-1.png\" alt=\"\" class=\"wp-image-370\" style=\"aspect-ratio:1.2626387176325524;width:840px;height:auto\" srcset=\"https:\/\/medsoft.com.br\/wp-content\/uploads\/2025\/10\/image-1.png 1024w, https:\/\/medsoft.com.br\/wp-content\/uploads\/2025\/10\/image-1-300x238.png 300w, https:\/\/medsoft.com.br\/wp-content\/uploads\/2025\/10\/image-1-768x608.png 768w\" sizes=\"auto, (max-width: 1024px) 100vw, 1024px\" \/><\/figure>\n\n\n\n<p><strong>Agenda<\/strong><\/p>\n\n\n\n<p><strong><strong>Agenda de marca\u00e7\u00e3o de consultas para v\u00e1rios m\u00e9dicos da cl\u00ednica.<\/strong> <strong>Controle do atendimento com agendamento pr\u00e9vio e encaixe.<\/strong> <strong>Controle do tipo de atendimento ( Consulta , Exame , Revis\u00e3o )<\/strong><br><strong>Pode ser agendado pacientes existentes e de primeira vez.<\/strong><\/strong><\/p>\n\n\n\n<figure class=\"wp-block-image size-full\"><img loading=\"lazy\" decoding=\"async\" width=\"745\" height=\"655\" src=\"https:\/\/medsoft.com.br\/wp-content\/uploads\/2025\/10\/image-2.png\" alt=\"\" class=\"wp-image-372\" srcset=\"https:\/\/medsoft.com.br\/wp-content\/uploads\/2025\/10\/image-2.png 745w, https:\/\/medsoft.com.br\/wp-content\/uploads\/2025\/10\/image-2-300x264.png 300w\" sizes=\"auto, (max-width: 745px) 100vw, 745px\" \/><\/figure>\n\n\n\n<p><strong>Receitas<\/strong><\/p>\n\n\n\n<p><strong>s Receitas s\u00e3o utilizadas para prescri\u00e7\u00f5es de medicamentos, atestados, certid\u00f5es, entre outras. A receita podem ser feitas utilizando textos previamente padronizados. Medicamentos e a tabela CID podem ser acessadas de forma on-line.<\/strong><\/p>\n\n\n\n<p><strong>Ap\u00f3s o preenchimento da receita a mesma pode ser salva em PDF ou impressa para o paciente.<\/strong><\/p>\n\n\n\n<figure class=\"wp-block-image size-full\"><img loading=\"lazy\" decoding=\"async\" width=\"842\" height=\"542\" src=\"https:\/\/medsoft.com.br\/wp-content\/uploads\/2025\/10\/image-3.png\" alt=\"\" class=\"wp-image-373\" srcset=\"https:\/\/medsoft.com.br\/wp-content\/uploads\/2025\/10\/image-3.png 842w, https:\/\/medsoft.com.br\/wp-content\/uploads\/2025\/10\/image-3-300x193.png 300w, https:\/\/medsoft.com.br\/wp-content\/uploads\/2025\/10\/image-3-768x494.png 768w\" sizes=\"auto, (max-width: 842px) 100vw, 842px\" \/><\/figure>\n\n\n\n<p><strong>Customiza\u00e7\u00e3o<\/strong><\/p>\n\n\n\n<p><strong>A Customiza\u00e7\u00e3o tem por objetivo adequar o programa para a sua necessidade.<\/strong><\/p>\n\n\n\n<p><strong>No primeiro bloco s\u00e3o cadastrados as informa\u00e7\u00f5es e os contatos da cl\u00ednica. No segundo bloco os dados da receita e no \u00faltimo bloco o logo da clinica e os campos customiz\u00e1veis da consulta e do hist\u00f3rico cl\u00ednico.<\/strong><\/p>\n\n\n\n<figure class=\"wp-block-image size-full\"><img loading=\"lazy\" decoding=\"async\" width=\"604\" height=\"659\" src=\"https:\/\/medsoft.com.br\/wp-content\/uploads\/2025\/10\/image-4.png\" alt=\"\" class=\"wp-image-375\" srcset=\"https:\/\/medsoft.com.br\/wp-content\/uploads\/2025\/10\/image-4.png 604w, https:\/\/medsoft.com.br\/wp-content\/uploads\/2025\/10\/image-4-275x300.png 275w\" sizes=\"auto, (max-width: 604px) 100vw, 604px\" \/><\/figure>\n","protected":false},"excerpt":{"rendered":"<p>Anamnese Agenda Agenda de marca\u00e7\u00e3o de consultas para v\u00e1rios m\u00e9dicos da cl\u00ednica. Controle do atendimento com agendamento pr\u00e9vio e encaixe. Controle do tipo de atendimento ( Consulta , Exame , Revis\u00e3o )Pode ser agendado pacientes existentes e de primeira vez. Receitas s Receitas s\u00e3o utilizadas para prescri\u00e7\u00f5es de medicamentos, atestados, certid\u00f5es, entre outras. A receita [&hellip;]<\/p>\n","protected":false},"author":1,"featured_media":0,"parent":0,"menu_order":0,"comment_status":"closed","ping_status":"closed","template":"","meta":{"footnotes":""},"class_list":["post-368","page","type-page","status-publish","hentry"],"_links":{"self":[{"href":"https:\/\/medsoft.com.br\/index.php?rest_route=\/wp\/v2\/pages\/368","targetHints":{"allow":["GET"]}}],"collection":[{"href":"https:\/\/medsoft.com.br\/index.php?rest_route=\/wp\/v2\/pages"}],"about":[{"href":"https:\/\/medsoft.com.br\/index.php?rest_route=\/wp\/v2\/types\/page"}],"author":[{"embeddable":true,"href":"https:\/\/medsoft.com.br\/index.php?rest_route=\/wp\/v2\/users\/1"}],"replies":[{"embeddable":true,"href":"https:\/\/medsoft.com.br\/index.php?rest_route=%2Fwp%2Fv2%2Fcomments&post=368"}],"version-history":[{"count":3,"href":"https:\/\/medsoft.com.br\/index.php?rest_route=\/wp\/v2\/pages\/368\/revisions"}],"predecessor-version":[{"id":377,"href":"https:\/\/medsoft.com.br\/index.php?rest_route=\/wp\/v2\/pages\/368\/revisions\/377"}],"wp:attachment":[{"href":"https:\/\/medsoft.com.br\/index.php?rest_route=%2Fwp%2Fv2%2Fmedia&parent=368"}],"curies":[{"name":"wp","href":"https:\/\/api.w.org\/{rel}","templated":true}]}}